s the remainder when 4 is divided by d(g)?
1
Let z(s) = s**2 - 5*s + 6. Let c = -10 + 0. Let p = -3 - c. Calculate the remainder when z(7) is divided by p.
6
Suppose 3*q - 8*q - 3*z = 248, -4*q = -z + 212. Let w = q + 74. What is the remainder when w is divided by 12?
10
Let w = -4 - -4. Let o be 0 + (31 - (w - -1)). Suppose -o = -4*r - r. What is the remainder when r is divided by 2?
0
Calculate the remainder when 81 is divided by 126/2*(-3)/(-9).
18
Let j = 45 + -85. Suppose 3*n + 2 = 5*l + 3, 2*l - 22 = -2*n. What is the remainder when ((-6)/4)/(5/j) is divided by n?
5
Suppose -4*a - 5*n + 17 = 0, 5*n = -a + 6*a - 55. Suppose 3*q = -q + 84. What is the remainder when q is divided by a?
5
Suppose 2*c - 36 = 6. Calculate the remainder when 40 is divided by c.
19
Let o(z) = z**2 + 3*z - 8. Let s be o(4). Suppose 2*q = 2*m + s, -2*m = -q + m. What is the remainder when 26 is divided by q?
11
Let b(g) = -g - 11. Let o be b(0). Let s = o - -27. What is the remainder when s is divided by 9?
7
Let c = -7 - -9. Suppose -85 = -5*z - 5*q, -5*z + 3*q + c*q + 135 = 0. What is the remainder when z is divided by 8?
6
Let u be (-2)/(-7) - 18/14. Let g = u - -4. Let z = 0 + 8. Calculate the remainder when z is divided by g.
2
Suppose 4*q - 3 = 33. What is the remainder when (31 - 1) + (-1)/(-1) is divided by (-11 + q)*11/(-2)?
9
Calculate the remainder when 1*(-3 + 30 + -2) is divided by 13.
12
Suppose 5*y - 42 = s, 2*s = -2*y + 24 - 0. Calculate the remainder when y is divided by 4.
1
Let b be ((-4)/6)/(12/(-270)). Calculate the remainder when 25 is divided by (-3)/b - 142/(-10).
11
Suppose 3*n - l + 6*l + 11 = 0, -4*n - 2*l = 24. Let v = -1 - n. Calculate the remainder when 15 is divided by v.
3
Suppose -6*c + 132 = -2*c. Suppose w - c = -5*r, -3*w - w - 5*r = -72. What is the remainder when (-52)/(-2) - 1*2 is divided by w?
11
Suppose -3*u = 5*o - 198, 3*u + 0*u - 5*o = 168. What is the remainder when u is divided by 13?
9
Let q(g) = 2*g**2 - 6*g - 7. Let l(k) = -k + 5. Calculate the remainder when q(7) is divided by l(-8).
10
Suppose -8 = 3*b - q - 71, 2*q - 116 = -5*b. Calculate the remainder when 38 is divided by b.
16
Suppose 3*f = 3*y - 7 - 8, 5*y = -3*f + 25. Suppose y*q = -115 + 640. Calculate the remainder when q is divided by 27.
24
Let v(l) = 3*l**2 - 4*l - 8. Calculate the remainder when v(-7) is divided by 24.
23
Let d(w) = w**2 - 5*w - 6. Let p be d(6). Let g(t) = t**2 + 2*t + 8. Calculate the remainder when 23 is divided by g(p).
7
Suppose t = -4*v + 60 - 0, 2*t = -3*v + 45. What is the remainder when 58 is divided by v?
13
Suppose -2*k = 4*z - 52, -3*k = -7*k + 4*z + 44. What is the remainder when 31 is divided by k?
15
Let m(i) = i**2 + 6*i + 13. Calculate the remainder when m(-8) is divided by 16.
13
Let d(h) = -h**3 - h**2 + 3*h - 1. Calculate the remainder when d(-3) is divided by 6.
2
Let o(b) = -b + 1. Let d(q) = -9*q + 7. Let f(a) = d(a) - 4*o(a). Calculate the remainder when f(-8) is divided by (-1 - -19) + -1 + -2.
13
Suppose -5 = 3*p - 2*p. Let d(a) = -a - 5. Let s be d(p). Suppose 0*r - 5*r + 35 = s. What is the remainder when r is divided by 2?
1
Suppose 4*v + 10 = q, v - 2*q + 8 = q. What is the remainder when 5 - v*(-2 - -1) is divided by 2?
1
Suppose -2 = -3*p + p. Let m(s) = -2*s - 3. Let u be m(-4). Let x = u + p. Calculate the remainder when 17 is divided by x.
5
Let w(f) = -f**2 + 17*f + 15. Let q be (-344)/28 + 2/7. What is the remainder when w(17) is divided by q/9*18/(-4)?
3
Suppose 101 = 8*f - 51. Suppose 5*z = 4*a - 1 - 45, 0 = -5*a + 5*z + 60. Let c = 21 - a. What is the remainder when f is divided by c?
5
Let y = -96 - -293. Calculate the remainder when y is divided by 33.
32
Let r(q) = -4*q + 24. Let h = 2 - 0. What is the remainder when r(0) is divided by (-75)/(-9) - h/(-3)?
6
Calculate the remainder when (24/(-18))/(1/(-9)) is divided by 7.
5
Let x be 3/(-6) - (-2)/4. Suppose -3*r - 2 + 101 = x. What is the remainder when r is divided by (24/(-14))/((-4)/28)?
9
Let d(m) be the third derivative of 5*m**4/24 - 5*m**3/6 - m**2. Suppose 30 = -10*n + 15*n. What is the remainder when d(n) is divided by 9?
7
Suppose -2*u + 3*u = 8. Let t = u + 6. What is the remainder when 47 is divided by (-6)/9*-3 + t?
15
Suppose 5*a - 57 = -0*t - t, 0 = t + a - 53. Calculate the remainder when t is divided by 14.
10
Let g = 34 + -26. What is the remainder when g is divided by 5?
3
Suppose 0*g + g = 4*p + 13, -g - 7 = p. Let q = p + -4. Let f = 21 + q. What is the remainder when 38 is divided by f?
12
Suppose -9*a - 18 = -12*a. Let r = -20 - -69. Let k = -32 + r. Calculate the remainder when k is divided by a.
5
Suppose -5*f + 16 = 2*g, 4 = 2*f + g - 2. Suppose 53 = f*v - 7. Calculate the remainder when 17 is divided by (12/(-10))/((-2)/v).
8
Suppose 0*c + 2*c = 5*z - 95, -4*c = 4*z - 76. What is the remainder when 56 is divided by z?
18
Suppose -y - 10 = y. Let j = y + 37. What is the remainder when j is divided by 11?
10
Calculate the remainder when 1 - 10/(-6)*3 is divided by 4.
2
Let d = -12 - -23. Suppose -4*h + d = -25. What is the remainder when 24 is divided by h?
6
Calculate the remainder when 21 is divided by 0 + 62/12 + (-3)/18.
1
Suppose 0*l = -l. Let o(m) = l - 1 + 3 + 0 - m. Calculate the remainder when o(0) is divided by 2.
0
Let r(o) = 3*o**2 + 19*o + 15. Calculate the remainder when 113 is divided by r(-7).
26
Suppose -5*b + 2*j + 405 = 0, 5*j + 173 = 4*b - 134. Suppose -4*n - b + 275 = 0. What is the remainder when n is divided by 17?
14
Suppose 4*k - 49 = -3*y, 3*y - 102 = -y + 2*k. Calculate the remainder when 66 is divided by y.
20
Suppose -60 = -4*k + 5*x + 283, -3*x - 84 = -k. What is the remainder when k is divided by 30?
27
Let r = 17 - 8. What is the remainder when 17 is divided by r?
8
Suppose 60 = -0*z + 3*z. Suppose 3*d = -3*r, 4*d + d + r = z. Calculate the remainder when 9 is divided by d.
4
Suppose -4*s + 90 = 2. Calculate the remainder when 63 is divided by s.
19
Let d(n) = 2*n - 2. Let f be d(6). Let k = 17 - f. What is the remainder when 25 is divided by k?
4
Suppose 5*h - 54 = 6. What is the remainder when 21 is divided by h?
9
Suppose 14 + 13 = 9*k. Calculate the remainder when 8 is divided by k.
2
What is the remainder when 94 is divided by (-1053)/(-45) + 3/5?
22
Let y(s) = -s**2 - 18*s + 9. What is the remainder when 180 is divided by y(-17)?
24
Let x(a) = a**2 + 3*a + 94. Calculate the remainder when x(0) is divided by 32.
30
Suppose 3*o - 4*p - 113 = 0, 4*o - 3*p - 2*p - 150 = 0. Calculate the remainder when o is divided by 12.
11
Let n = 40 + 2. Let b = 182 + -118. Suppose -2*p + 5*v + 2 + n = 0, -2*v = 4*p - b. What is the remainder when 49 is divided by p?
15
Suppose 7*i + 2*y - 48 = 4*i, 0 = 2*y - 6. What is the remainder when i is divided by 4?
2
Let p(h) = -7*h - 8. What is the remainder when p(-12) is divided by 20?
16
Suppose 34*j - 31*j = 321. Calculate the remainder when j is divided by 18.
17
Let l(t) = 8*t**2 + 2*t - 5. What is the remainder when l(3) is divided by -57*((-2)/6 + 0)?
16
Let u = 25 + -6. What is the remainder when u is divided by 5?
4
Suppose 0 = -4*u - 7 + 35. What is the remainder when 41 is divided by u?
6
Let x = -14 - -19. Calculate the remainder when 13 is divided by x.
3
Let d = 15 - 8. Suppose -3*l + 2 = -d. Let i = -33 - -37. Calculate the remainder when i is divided by l.
1
Let o(t) = 21*t**2 + t + 1. Let u be o(-1). Let b = -5 + u. Calculate the remainder when 20 is divided by (-4)/b - 45/(-4).
9
Let v = 81 - 63. Calculate the remainder when 53 is divided by v.
17
Let h(m) = -8*m + 12. Calculate the remainder when 102 is divided by h(-5).
50
Let w = -4 + 7. Suppose w*a - 8*a = 4*d - 30, -5*d + 6 = a. What is the remainder when 16 + 2*3/a is divided by 6?
5
Calculate the remainder when ((-3)/(-2))/(63/2226) is divided by 18.
17
Let n = -1 + 31. Let a(j) = -j**2 + 8*j + 8. What is the remainder when n is divided by a(8)?
6
Suppose -2 = 2*x, 4*h - 293 = h + 2*x. Calculate the remainder when h is divided by 9.
7
Suppose 8 = u - 1. Let t = 13 - u. What is the remainder when 2/(-2) - 8/(-1) is divided by t?
3
Suppose -4*p + 13 = -103. Calculate the remainder when p is divided by 2/2 - (-3 + -4).
5
Suppose 5*m + 0*z = 4*z - 101, -2*m - 2*z = 44. What is t